{"id":229,"date":"2023-11-09T16:35:10","date_gmt":"2023-11-09T15:35:10","guid":{"rendered":"http:\/\/krabcom.fr\/?page_id=229"},"modified":"2026-03-27T12:11:16","modified_gmt":"2026-03-27T11:11:16","slug":"229-2","status":"publish","type":"page","link":"https:\/\/krabcom.fr\/","title":{"rendered":"Krab-Home"},"content":{"rendered":"<p>[et_pb_section fb_built=&#8221;1&#8243; _builder_version=&#8221;4.23.1&#8243; _module_preset=&#8221;default&#8221; background_color=&#8221;#f6f6f6&#8243; custom_padding=&#8221;||0px|||&#8221; top_divider_style=&#8221;curve&#8221; top_divider_color=&#8221;#f4805d&#8221; top_divider_flip=&#8221;vertical&#8221; scroll_blur=&#8221;0|13|72|100|10|0|0&#8243; hover_enabled=&#8221;0&#8243; global_colors_info=&#8221;{}&#8221; sticky_enabled=&#8221;0&#8243;][et_pb_row _builder_version=&#8221;4.23.1&#8243; _module_preset=&#8221;default&#8221; custom_margin=&#8221;11px|auto|11px|auto|true|&#8221; custom_padding=&#8221;||0px|||&#8221; global_colors_info=&#8221;{}&#8221;][et_pb_column type=&#8221;4_4&#8243; _builder_version=&#8221;4.23.1&#8243; _module_preset=&#8221;default&#8221; global_colors_info=&#8221;{}&#8221;][et_pb_image src=&#8221;https:\/\/krabcom.fr\/wp-content\/uploads\/2026\/03\/LogoKC-orange@4x.png&#8221; title_text=&#8221;LogoKC orange@4x&#8221; align=&#8221;center&#8221; _builder_version=&#8221;4.23.1&#8243; _module_preset=&#8221;default&#8221; width=&#8221;18%&#8221; global_colors_info=&#8221;{}&#8221;][\/et_pb_image][dsm_typing_effect before_typing_effect=&#8221;Qu\u2019y a-t-il de commun entre &#8221; typing_effect=&#8221; une bo\u00eete de conserve, un fromage \u00e0 tartiner, une entreprise de r\u00e9novation et un projet de r\u00e9insertion professionnelle ?&#8221; before_new_line=&#8221;off&#8221; after_new_line=&#8221;on&#8221; typing_loop=&#8221;off&#8221; typing_speed=&#8221;3ms&#8221; typing_backspeed=&#8221;29ms&#8221; typing_backdelay=&#8221;400ms&#8221; typing_cursor_color=&#8221;#ff815f&#8221; typing_background_color=&#8221;RGBA(255,255,255,0)&#8221; before_typing_background_color=&#8221;RGBA(255,255,255,0)&#8221; after_typing_background_color=&#8221;#ff815f&#8221; _builder_version=&#8221;4.23.1&#8243; _module_preset=&#8221;default&#8221; header_level=&#8221;h2&#8243; header_font=&#8221;Work Sans|500|||||||&#8221; header_text_color=&#8221;#303030&#8243; header_line_height=&#8221;1.5em&#8221; after_font=&#8221;Work Sans|500|||||||&#8221; after_text_color=&#8221;RGBA(255,255,255,0)&#8221; after_font_size=&#8221;38px&#8221; min_height=&#8221;65px&#8221; custom_margin=&#8221;||6px|||&#8221; custom_padding=&#8221;||0px|0px||&#8221; border_color_all_before=&#8221;RGBA(255,255,255,0)&#8221; global_colors_info=&#8221;{}&#8221;][\/dsm_typing_effect][et_pb_icon font_icon=&#8221;&#x22;||divi||400&#8243; icon_color=&#8221;#FFFFFF&#8221; _builder_version=&#8221;4.23.1&#8243; _module_preset=&#8221;default&#8221; custom_padding=&#8221;||30px|||&#8221; global_colors_info=&#8221;{}&#8221;][\/et_pb_icon][\/et_pb_column][\/et_pb_row][\/et_pb_section][et_pb_section fb_built=&#8221;1&#8243; _builder_version=&#8221;4.23.1&#8243; _module_preset=&#8221;default&#8221; custom_margin=&#8221;31px|||||&#8221; custom_padding=&#8221;0px|||||&#8221; animation_style=&#8221;slide&#8221; animation_direction=&#8221;left&#8221; animation_duration=&#8221;850ms&#8221; animation_delay=&#8221;350ms&#8221; global_colors_info=&#8221;{}&#8221;][et_pb_row _builder_version=&#8221;4.23.1&#8243; _module_preset=&#8221;default&#8221; min_height=&#8221;229.9px&#8221; custom_padding=&#8221;0px||12px|||&#8221; scroll_fade=&#8221;0|27|27|52|0|100|100&#8243; motion_trigger_start=&#8221;top&#8221; global_colors_info=&#8221;{}&#8221;][et_pb_column type=&#8221;4_4&#8243; _builder_version=&#8221;4.23.1&#8243; _module_preset=&#8221;default&#8221; global_colors_info=&#8221;{}&#8221;][dsm_text_notation notation_text=&#8221;L\u2019Histoire&#8221; _builder_version=&#8221;4.23.1&#8243; _module_preset=&#8221;default&#8221; header_font=&#8221;Work Sans|500|||||||&#8221; text_orientation=&#8221;center&#8221; global_colors_info=&#8221;{}&#8221;][\/dsm_text_notation][et_pb_text _builder_version=&#8221;4.23.1&#8243; _module_preset=&#8221;702392b8-9e05-4820-b3b5-3e09c1539d85&#8243; custom_padding=&#8221;|0px||||&#8221; inline_fonts=&#8221;Hind Siliguri&#8221; global_colors_info=&#8221;{}&#8221;]<\/p>\n<blockquote>\n<p><span style=\"color: #333333;\">Et cette histoire, tous doivent la raconter&#160;: \u00e0 leurs clients, \u00e0 leurs fournisseurs, \u00e0 leurs \u00e9quipes, au grand public ou m\u00eame \u00e0 leurs investisseurs.<br \/>Parfois, c\u2019est compliqu\u00e9. Compliqu\u00e9 de trouver les mots, la mani\u00e8re de pr\u00e9senter les choses, le ton juste \u00e0 adopter.<\/span><span style=\"color: #333333;\"><\/span><span style=\"color: #333333;\"><\/span><span style=\"color: #333333;\"><\/span><\/p>\n<p><span style=\"color: #333333;\">\u00c7a, c\u2019est le travail de <strong>Krabcom<\/strong>.<\/span><span style=\"color: #333333;\"><\/span><\/p>\n<p><span style=\"color: #333333;\">Parce que chez <strong>Krabcom<\/strong>, on en pince pour les mots.<br \/>Les mots justes pour une histoire qui marque.<\/span><\/p>\n<\/blockquote>\n<p>[\/et_pb_text][\/et_pb_column][\/et_pb_row][et_pb_row _builder_version=&#8221;4.23.1&#8243; _module_preset=&#8221;default&#8221; global_colors_info=&#8221;{}&#8221;][et_pb_column type=&#8221;4_4&#8243; _builder_version=&#8221;4.23.1&#8243; _module_preset=&#8221;default&#8221; global_colors_info=&#8221;{}&#8221;][dsm_icon_divider use_icon=&#8221;on&#8221; font_icon=&#8221;&#x22;||divi||400&#8243; icon_color=&#8221;#dddddd&#8221; color=&#8221;#dddddd&#8221; icon_gap=&#8221;39px&#8221; _builder_version=&#8221;4.23.1&#8243; _module_preset=&#8221;default&#8221; width=&#8221;100%&#8221; scroll_fade_enable=&#8221;on&#8221; global_colors_info=&#8221;{}&#8221;][\/dsm_icon_divider][\/et_pb_column][\/et_pb_row][et_pb_row column_structure=&#8221;1_3,1_3,1_3&#8243; _builder_version=&#8221;4.23.1&#8243; _module_preset=&#8221;default&#8221; global_colors_info=&#8221;{}&#8221;][et_pb_column type=&#8221;1_3&#8243; _builder_version=&#8221;4.23.1&#8243; _module_preset=&#8221;default&#8221; global_colors_info=&#8221;{}&#8221;][et_pb_text _builder_version=&#8221;4.23.1&#8243; _module_preset=&#8221;default&#8221; text_font_size=&#8221;15px&#8221; header_3_font=&#8221;Work Sans|500|||||||&#8221; header_4_font=&#8221;Work Sans|500|||||||&#8221; text_orientation=&#8221;center&#8221; width=&#8221;75%&#8221; module_alignment=&#8221;center&#8221; global_colors_info=&#8221;{}&#8221;]<\/p>\n<h4 style=\"text-align: center;\"><span style=\"color: #333333;\">Krabcom une aventure qui commence en 2016<\/span><\/h4>\n<p>[\/et_pb_text][dsm_button button_one_text=&#8221;Krab-qui ?&#8221; button_one_url=&#8221;https:\/\/krabcom.fr\/index.php\/krab-qui\/&#8221; button_alignment=&#8221;center&#8221; _builder_version=&#8221;4.23.1&#8243; _module_preset=&#8221;default&#8221; custom_button_one=&#8221;on&#8221; button_one_text_color=&#8221;gcid-3cfc8c0c-5557-4a5d-9dab-24e78d615311&#8243; button_one_bg_color=&#8221;#383838&#8243; button_one_border_width=&#8221;0px&#8221; button_one_border_color=&#8221;#000000&#8243; button_one_border_radius=&#8221;25px&#8221; button_one_icon=&#8221;&#x7b;||divi||400&#8243; custom_margin=&#8221;9px|||||&#8221; global_colors_info=&#8221;{%22gcid-3cfc8c0c-5557-4a5d-9dab-24e78d615311%22:%91%22button_one_text_color%22%93}&#8221;][\/dsm_button][\/et_pb_column][et_pb_column type=&#8221;1_3&#8243; _builder_version=&#8221;4.23.1&#8243; _module_preset=&#8221;default&#8221; global_colors_info=&#8221;{}&#8221;][et_pb_text _builder_version=&#8221;4.23.1&#8243; _module_preset=&#8221;default&#8221; text_font_size=&#8221;15px&#8221; header_3_font=&#8221;Work Sans|500|||||||&#8221; header_4_font=&#8221;Work Sans|500|||||||&#8221; width=&#8221;75%&#8221; module_alignment=&#8221;center&#8221; custom_margin=&#8221;||0px|||&#8221; global_colors_info=&#8221;{}&#8221;]<\/p>\n<h4 style=\"text-align: center;\"><span style=\"color: #333333;\">L\u2019art et la mani\u00e8re de raconter votre histoire, la garantie Krabcom<\/span><\/h4>\n<p>[\/et_pb_text][dsm_button button_one_text=&#8221;Krab-quoi&#8221; button_one_url=&#8221;https:\/\/krabcom.fr\/index.php\/savoir-faire\/&#8221; button_alignment=&#8221;center&#8221; _builder_version=&#8221;4.23.1&#8243; _module_preset=&#8221;default&#8221; custom_button_one=&#8221;on&#8221; button_one_text_color=&#8221;gcid-3cfc8c0c-5557-4a5d-9dab-24e78d615311&#8243; button_one_bg_color=&#8221;#383838&#8243; button_one_border_width=&#8221;0px&#8221; button_one_border_color=&#8221;#000000&#8243; button_one_border_radius=&#8221;25px&#8221; button_one_icon=&#8221;&#x7b;||divi||400&#8243; custom_padding_tablet=&#8221;23px||0px||false|false&#8221; custom_padding_phone=&#8221;21px||1px||false|false&#8221; custom_padding_last_edited=&#8221;on|desktop&#8221; global_colors_info=&#8221;{%22gcid-3cfc8c0c-5557-4a5d-9dab-24e78d615311%22:%91%22button_one_text_color%22%93}&#8221;][\/dsm_button][\/et_pb_column][et_pb_column type=&#8221;1_3&#8243; _builder_version=&#8221;4.23.1&#8243; _module_preset=&#8221;default&#8221; global_colors_info=&#8221;{}&#8221;][et_pb_text _builder_version=&#8221;4.23.1&#8243; _module_preset=&#8221;default&#8221; text_font_size=&#8221;15px&#8221; header_3_font=&#8221;Work Sans|500|||||||&#8221; header_4_font=&#8221;Work Sans|500|||||||&#8221; width=&#8221;75%&#8221; module_alignment=&#8221;center&#8221; custom_margin=&#8221;||-4px|||&#8221; global_colors_info=&#8221;{}&#8221;]<\/p>\n<h4 style=\"text-align: center;\"><span style=\"color: #333333;\">Ici, c\u2019est le d\u00e9but de notre histoire commune<\/span><\/h4>\n<p>[\/et_pb_text][dsm_button button_one_text=&#8221;Contactez-nous !&#8221; button_alignment=&#8221;center&#8221; _builder_version=&#8221;4.23.1&#8243; _module_preset=&#8221;default&#8221; custom_button_one=&#8221;on&#8221; button_one_text_color=&#8221;gcid-3cfc8c0c-5557-4a5d-9dab-24e78d615311&#8243; button_one_bg_color=&#8221;#383838&#8243; button_one_border_width=&#8221;0px&#8221; button_one_border_color=&#8221;#000000&#8243; button_one_border_radius=&#8221;25px&#8221; button_one_icon=&#8221;&#x7b;||divi||400&#8243; custom_margin_tablet=&#8221;22px||||false|false&#8221; custom_margin_phone=&#8221;18px||||false|false&#8221; custom_margin_last_edited=&#8221;on|tablet&#8221; global_colors_info=&#8221;{%22gcid-3cfc8c0c-5557-4a5d-9dab-24e78d615311%22:%91%22button_one_text_color%22%93}&#8221;][\/dsm_button][\/et_pb_column][\/et_pb_row][\/et_pb_section][et_pb_section fb_built=&#8221;1&#8243; custom_padding_last_edited=&#8221;on|phone&#8221; prev_background_color=&#8221;#ffffff&#8221; _builder_version=&#8221;4.23.1&#8243; _module_preset=&#8221;default&#8221; background_color=&#8221;#f4805d&#8221; custom_margin=&#8221;0px||||false|false&#8221; custom_margin_tablet=&#8221;-80px||||false|false&#8221; custom_margin_phone=&#8221;-56px||||false|false&#8221; custom_margin_last_edited=&#8221;on|desktop&#8221; custom_padding=&#8221;2px||0px||false|false&#8221; custom_padding_tablet=&#8221;2px||0px||false|false&#8221; custom_padding_phone=&#8221;0px||0px||false|false&#8221; top_divider_style=&#8221;curve&#8221; hover_enabled=&#8221;0&#8243; global_colors_info=&#8221;{}&#8221; sticky_enabled=&#8221;0&#8243;][et_pb_row _builder_version=&#8221;4.23.1&#8243; _module_preset=&#8221;default&#8221; global_colors_info=&#8221;{}&#8221;][et_pb_column type=&#8221;4_4&#8243; _builder_version=&#8221;4.23.1&#8243; _module_preset=&#8221;default&#8221; global_colors_info=&#8221;{}&#8221;][et_pb_image src=&#8221;https:\/\/krabcom.fr\/wp-content\/uploads\/2026\/03\/LogoPlan-de-travail-28@4x.png&#8221; title_text=&#8221;LogoPlan de travail 28@4x&#8221; align=&#8221;center&#8221; _builder_version=&#8221;4.23.1&#8243; _module_preset=&#8221;default&#8221; width=&#8221;9%&#8221; width_tablet=&#8221;36%&#8221; width_phone=&#8221;40%&#8221; width_last_edited=&#8221;on|phone&#8221; global_colors_info=&#8221;{}&#8221;][\/et_pb_image][\/et_pb_column][\/et_pb_row][\/et_pb_section]<\/p>\n","protected":false},"excerpt":{"rendered":"<p><div class=\"et_pb_with_border et_pb_module dsm_typing_effect dsm_typing_effect_0 et_pb_bg_layout_light \">\n\t\t\t\t\n\t\t\t\t\n\t\t\t\t\n\t\t\t\t\n\t\t\t\t\n\t\t\t\t\n\t\t\t\t<div class=\"et_pb_module_inner\">\n\t\t\t\t\t<h2 class=\"dsm-typing-effect et_pb_module_header\" aria-label=\" une bo\u00eete de conserve, un fromage \u00e0 tartiner, une entreprise de r\u00e9novation et un projet de r\u00e9insertion professionnelle ?\"><span class=\"dsm-before-typing-effect\">Qu\u2019y a-t-il de commun entre <\/span> <span class=\"dsm-typing-wrapper\"><span class=\"dsm-typing-strings\"> une bo\u00eete de conserve, un fromage \u00e0 tartiner, une entreprise de r\u00e9novation et un projet de r\u00e9insertion professionnelle ?<\/span><span class=\"dsm-typing\" aria-hidden=\"true\" data-dsm-typing-cursor=\"|\" data-dsm-typing-strings=\" une bo\u00eete de conserve, un fromage \u00e0 tartiner, une entreprise de r\u00e9novation et un projet de r\u00e9insertion professionnelle ?\" data-dsm-typing-speed=3ms data-dsm-typing-backspeed=29ms data-dsm-typing-backdelay=400ms data-dsm-typing-loop=false data-dsm-typing-remove-cursor=off data-dsm-typing-fadeout=false data-dsm-typing-shuffle=false data-dsm-typing-delay=0ms data-dsm-typing-viewport=80% data-dsm-typing-repeat=on><\/span><\/span><br><\/h2>\n\t\t\t\t<\/div>\n\t\t\t<\/div><div class=\"et_pb_module dsm_text_notation dsm_text_notation_0  et_pb_bg_layout_light\">\n\t\t\t\t\n\t\t\t\t\n\t\t\t\t\n\t\t\t\t\n\t\t\t\t\n\t\t\t\t\n\t\t\t\t<div class=\"et_pb_module_inner\">\n\t\t\t\t\t<h1 class=\"dsm-text-notation-main et_pb_module_header\"><span data-notation=\"[{&quot;type&quot;:&quot;underline&quot;,&quot;color&quot;:&quot;#f47f67&quot;,&quot;stroke-width&quot;:&quot;1&quot;,&quot;iterations&quot;:&quot;2&quot;,&quot;brackets&quot;:&quot;left|right&quot;,&quot;viewport&quot;:&quot;80%&quot;,&quot;delay&quot;:&quot;0ms&quot;,&quot;divi-animate&quot;:&quot;none&quot;,&quot;divi-animate-duration&quot;:&quot;1000ms&quot;,&quot;divi-animate-delay&quot;:&quot;0ms&quot;}]\" class=\"dsm-text-notation-middle\">&#8221;L\u2019Histoire&#8221;<\/span><\/h1>\n\t\t\t\t<\/div>\n\t\t\t<\/div><\/p>\n","protected":false},"author":1,"featured_media":0,"parent":0,"menu_order":0,"comment_status":"closed","ping_status":"closed","template":"","meta":{"_et_pb_use_builder":"on","_et_pb_old_content":"","_et_gb_content_width":"","footnotes":""},"_links":{"self":[{"href":"https:\/\/krabcom.fr\/index.php\/wp-json\/wp\/v2\/pages\/229"}],"collection":[{"href":"https:\/\/krabcom.fr\/index.php\/wp-json\/wp\/v2\/pages"}],"about":[{"href":"https:\/\/krabcom.fr\/index.php\/wp-json\/wp\/v2\/types\/page"}],"author":[{"embeddable":true,"href":"https:\/\/krabcom.fr\/index.php\/wp-json\/wp\/v2\/users\/1"}],"replies":[{"embeddable":true,"href":"https:\/\/krabcom.fr\/index.php\/wp-json\/wp\/v2\/comments?post=229"}],"version-history":[{"count":35,"href":"https:\/\/krabcom.fr\/index.php\/wp-json\/wp\/v2\/pages\/229\/revisions"}],"predecessor-version":[{"id":402,"href":"https:\/\/krabcom.fr\/index.php\/wp-json\/wp\/v2\/pages\/229\/revisions\/402"}],"wp:attachment":[{"href":"https:\/\/krabcom.fr\/index.php\/wp-json\/wp\/v2\/media?parent=229"}],"curies":[{"name":"wp","href":"https:\/\/api.w.org\/{rel}","templated":true}]}}